(-6 - (6 - 8)) + (1 - 2).
-5
-2 + (4 - (8 - 4))
-2
-1 + 1 + 5 + -8
-3
What is -2 - -3 - -5 - (71 + -68)?
3
Calculate (-5 - (4 + -5 + 2)) + 2.
-4
What is 5 + -6 - (-7 + (2 - 0))?
4
-4 - (-2 - -1) - (17 - 21)
1
What is -3 + (2 + (-7 - 3) - -3)?
-8
What is 1 - (-10 - (3 - (11 + -3)))?
6
Calculate -14 - (-10 + 8 + -3).
-9
Evaluate 7 + -11 + 0 + 1 + 5.
2
Evaluate 5 + -19 + 31 - (10 + -2).
9
(-1 - (3 + 0)) + 2 - 3
-5
Calculate -1 - -13 - (5 - -5).
2
Calculate 4 - (-12 - -13 - (-1 - 5)).
-3
What is the value of -6 + 12 + -12 + 6?
0
What is the value of 1 - 4 - 0 - 1 - -3?
-1
What is (-13 - (3 - 3 - 5)) + 2?
-6
What is the value of -4 + 10 - (0 + -2)?
8
What is the value of (3 + -2 - -1 - 4) + 3?
1
What is the value of -5 + (-3 - -9 - (-2 + 1))?
2
What is the value of 1 - (5 - (4 + -2))?
-2
-4 + 2 + (9 - 5) - 0
2
What is 1 + (4 - 3) + (2 - 1)?
3
6 - (1 + 7 - 4)
2
2 + -2 - (0 - (4 + 0))
4
What is 3 + (-1 - 1) - -4 - 10?
-5
What is -3 - ((4 - 3) + -5)?
1
What is (3 - 6 - 0) + -4?
-7
Evaluate 7 - (-8 + 2 + 10).
3
(-1 - -1) + (-3 - -5) + 0
2
Evaluate 3 + (0 - 1 - (-11 - -12)).
1
What is the value of (-14 - -22) + (2 - 18)?
-8
-2 - -2 - ((-4 - -8) + -6)
2
(-3 - 1) + 0 - 1 - -2
-3
What is the value of (-4 - -9) + (-4 - 2)?
-1
Evaluate (-5 - 2) + 7 + 1.
1
What is the value of (-3 - -7) + (-7 - 2)?
-5
What is 7 - (25 + -9 + -5)?
-4
Calculate -6 + 4 + 5 + (-1 - 4).
-2
What is 4 - (-4 - (-13 - 0))?
-5
-18 + 8 - (-12 - -1)
1
Calculate -1 + 2 - (15 + -11).
-3
(-53 - -38) + (1 - -8)
-6
5 + (-4 - 0 - 0) - -5
6
Evaluate (2 - -3 - 15) + 0 + 3.
-7
What is the value of (-1 - 2) + -2 + (15 - 9)?
1
Calculate (-3 - (-2 - (-1 - -1))) + 4.
3
(0 - (8 + -5)) + 9
6
0 + -2 + (4 - 4)
-2
What is (-14 - -15) + 1 + -5?
-3
What is the value of -5 - (-7 - -9 - (2 + 1))?
-4
Calculate (3 + 3 - 2) + 0 - 4.
0
What is 2 - (-5 - (-3 + 0)) - 3?
1
Calculate -4 + (-1 - -1) + -1 + 3.
-2
What is -2 - 1 - (4 + -11 + 0)?
4
Evaluate 3 + 3 + -2 + -4 - 5.
-5
-2 + (-8 - -6) + 1 + 0
-3
Calculate -5 + 2 + 2 - -4.
3
What is the value of 4 - ((-2 - (-2 + -4)) + -4)?
4
What is (3 - 3 - -3) + -3?
0
0 + -8 + (-7 + 14 - 1)
-2
Calculate -6 - (-7 - (9 + -14)).
-4
Calculate 7 - 4 - (-2 - -6).
-1
What is 8 + (-2 - 5) - -4?
5
What is the value of (-12 - -17) + (2 + 1 - 9)?
-1
What is 9 - (1 - (-1 - 9))?
-2
What is (0 - 11) + (-119 - -129)?
-1
What is -1 + (1 - 11) + 140 + -134?
-5
What is -3 - ((4 - (3 + 0)) + 1)?
-5
What is the value of -3 + -12 + 4 + 13?
2
Calculate 3 - (-5 + 13 - 3) - 2.
-4
Calculate -8 - (-8 + 0 + 3).
-3
(-9 - -13) + 0 + -3 + -1
0
5 + (2 + 2 - 5) + -8
-4
0 + (1 - 4) - (9 + -7)
-5
What is -20 - (0 + -6 + -6)?
-8
What is (-10 - -10) + (-3 - -5)?
2
What is the value of 21 + -17 - (1 - -6)?
-3
What is the value of (-4 - (-5 - -5)) + 9?
5
-2 + 3 - (4 + -8) - 0
5
27 + -24 + -7 - (0 - -1)
-5
-1 + 3 + -3 + 1 + 0
0
Evaluate (0 + -10 - (3 - 2)) + 7.
-4
-2 - (15 + -14 + (-2 - -4))
-5
What is the value of 28 + -23 + 0 + -2?
3
Evaluate (-4 - (6 - 9)) + (1 - -1).
1
Calculate 1 + (-5 - -12) + -4.
4
What is (-1 - (-1 + (-5 - -8))) + 11?
8
Evaluate 1 - (-1 + 2 - -4).
-4
What is the value of -4 - -12 - 5 - -1?
4
(8 - 2 - 2) + -4 + -1
-1
Calculate (2 - -3 - 3) + (1 - 1).
2
What is (-12 + 3 - -7) + (-1 - -2)?
-1
(-8 - -6 - -4) + 5
7
Calculate -5 - (5 - (2 - -1 - -8)).
1
Calculate -1 - (5 - 5) - -1.
0
What is the value of -3 + -3 + 4 + 23 + -21?
0
What is -1 + 0 - (1 - 3 - 4)?
5
What is the value of 0 + 5 + -8 + -3 + 8?
2
What is -20 - -26 - (4 + 4)?
-2
Evaluate (0 - 0) + 4 + -10.
-6
11 - ((-5 - -2) + 10)
4
What is -3 + -3 + (-6 - -13)?
1
What is the value of (1 - -1) + -12 + 7 + 2?
-1
(4 - (0 + 4)) + 12 - 4
8
What is 0 + 2 - (4 + -6)?
4
What is -3 + -3 + (-2 - (4 - 9))?
-3
Evaluate 11 - (-5 + 12 + 5).
-1
-5 + -9 + 1 + 5
-8
Calculate (7 - (7 - -7)) + 5.
-2
What is the value of -9 - (-3 + -19 + 9)?
4
Calculate 1 + 2 + 3 + 0.
6
What is the value of -11 + -6 + 4 + 4 - -3?
-6
What is -3 + (-3 - -6) + 4?
4
What is the value of -6 - (-10 + 8 + -6)?
2
Evaluate 3 + -8 + 8 + (-4 - -3).
2
What is 2 - (-1 - (-6 + -2 + 5))?
0
Evaluate 12 + -9 + (-1 - (0 - 2)).
4
What is the value of (-6 - -4 - (-1 + -1)) + -4?
-4
What is the value of 0 + -3 + -4 - -4?
-3
Calculate 12 - (-6 + 8 + 1).
9
Calculate -2 - -3 - (-3 - (-3 + 2)).
3
What is -6 - (-4 - (5 + -6)) - -5?
2
Calculate (6 - 1) + (7 - (8 - 0)).
4
What is the value of (-7 - (1 + -5 - -1)) + 1?
-3
Evaluate 2 + (-1 + 2 - (-3 + 8)).
-2
Calculate -25 + 30 - (6 - -2) - 1.
-4
Evaluate 0 + (3 + -8 - -4) + 0.
-1
Calculate (44 - 35) + (4 - 21).
-8
0 + 2 - (-2 - -3)
1
What is 3 - (-3 + 3 + 0)?
3
5 + -2 + -4 - 1
-2
What is 4 - (0 + (1 - 1))?
4
Evaluate -4 - (-8 - (-5 - (-4 - 0))).
3
What is (-9 - -10 - (-1 - -2)) + 0?
0
What is -1 + -1 + 7 - (4 + -2)?
3
22 + -20 + (-8 - 0)
-6
What is the value of 2 + 2 - (4 + 8 + -6)?
-2
What is 1 - (9 - 6 - 9)?
7
(2 - 8) + -6 - -8
-4
Evaluate -6 - (9 - (21 + -2)).
4
10 - (-2 - (-18 + 12))
6
Calculate 5 + -5 + 3 - 1.
2
Calculate -2 + 7 + -7 + 12 + -11.
-1
4 - 4 - 0 - -5
5
Evaluate 1 + -2 - (-24 + 31).
-8
Calculate 1 + (-1 - 1 - -3) + -4.
-2
Evaluate 2 + 6 + (6 - 14).
0
What is 6 - 1 - (-5 + 0 - -18)?
-8
(17 - 18) + 3 + 1
3
What is the value of (-1 - -2) + (-3 - -3)?
1
What is the value of 2 - (-13 - -4 - -4 - -9)?
-2
Calculate (10 - (-4 - -9)) + -5.
0
What is the value of 4 + -17 - (0 - 6 - 0)?
-7
Calculate 4 + 0 - 8 - (6 - 13).
3
(-16 - (-1 + -2)) + 18
5
Calculate (5 - 7) + 0 + 2.
0
Evaluate (4 - (1 - 1 - -1)) + 3.
6
11 + 1 - (6 - (-12 - -12))
6
What is 1 - (4 + (0 - 3)) - 3?
-3
Evaluate (-1 - 1) + -7 + 9.
0
What is the value of 4 - 12 - (-14 - 2)?
8
-2 + 1 + 2 + -7 + 12
6
What is the value of (8 - (-2 + 3)) + -5?
2
Calculate 0 + 2 - (-33 + 15 + 14).
6
Calculate 8 + -5 + 9 + -9.
3
2 + 7 - (-1 + (-7 - -14))
3
18 - (3 + -6 + 14)
7
Evaluate 1 + -1 + 13 + -14.
-1
5 + 5 + (-11 - -4) + 0
3
What is the value of -7 + 2 - (-7 + 4 - -2)?
-4
What is the value of 1 + 1 + 19 + -22 - 2?
-3
What is the value of 0 + -6 - (-14 + 17)?
-9
Calculate -4 - (3 + -7) - (0 + -4).
4
Calculate 0 - -1 - (16 + -14).
-1
Evaluate 3 + 3 + -4 - 8.
-6
What is the value of -5 + -6 + 5 + -2 + 2?
-6
Calculate 12 - (4 + 1) - 1.
6
(-11 - -12) + -2 + 7
6
What is the value of 3 - (4 + -4 + 3)?
0
Evaluate 15 + -10 + -4 - 10.
-9
What is the value of (6 - 6) + 0 + 2 - 5?
-3
What is the value of 3 + -1 - (84 - 87)?
5
Evaluate 65 - 56 - (6 - -2).
1
Calculate (-5 - 0) + (2 - -3).
0
Calculate 0 - 5 - -4 - (-1 - -1).
-1
What is -206 + 209 + 0 + -5?
-2
-3 - -3 - (-2 + (6 - 4))
0
Evaluate (1 - 0) + -60 + 54.
-5
8 + (0 - -7 - 16)
-1
Calculate 2 - -2 - (0 + -1).
5
What is the value of (7 - 3) + -2 + 27 + -29?
0
-5 + 7 + 1 + -5 - -2
0
Calculate 10 + 0 + -2 + -4.
4
Evaluate (-9 - -1) + (-12 - -9 - -1).
-10
-18 - (0 + -10) - -13
5
Evaluate -7 - -5 - (1 + (-2 - 0)).
-1
Evaluate -6 - (3 + -11 + -14 + 6).
10
Evaluate 1 + 1 + -1 + -2 - 2.
-3
What is the value of 18 + -18 - (2 + 2)?
-4
What is the value of 9 + (9 - 16) + -6?
-4
4 - (8 + (-5 - 1))
2
What is -1 - (2 - -2 - (4 - 3))?
-4
Evaluate (-1 - 3 - -8) + 2 - -1.
7
Evaluate -8 + -5 + -4 + 15 + -7.
-9
What is -13 + -2 + 1 + (2 - -5)?
-7
What is 4 - (-9 + (-6 - -24))?
-5
What is the value of 4 + -1 - ((-2 - -4) + 0)?
1
Calculate (-7 + -3 - -6) + (-1 - -8).
3
Evaluate -2 + (-5 - (-11 + 4)).
0
(-5 - (-4 + 2)) + 3
0
What is -6 + 4 + -2 + 1?
-3
(-7 - ((-3 - -3) + -2)) + 8
3
What is 2 - (-6 + 3 - -9)?
-4
What is the value of 10 - (-5 - -1 - -8)?
6
What is the value of (-2 + 1 - 2) + -1?
-4
Evaluate (7 - 6) + 3 - 0 - 1.
3
Evaluate -3 - (-5 + 1 + 2) - 1.
-2
What is the value of 5 - 4 - (-13 + 6) - 5?
3
What is the value of -30 - -29 - (-1 - 0)?
0
-1 - (2 + -2) - -4
3
-8 - -3 - (1 + -7)
1
Evaluate -21 + 6 - (5 - 16).
-4
What is (-2 - 1) + 1 - -6?
4
What is the value of 0 - (4 + (1 - 4))?
-1
(0 - -3 - 4) + (6 - -1)
6
What is (8 - -1) + 177 + -189?
-3
What is -8 + 9 + -3 + -1?
-3
What is -11 + (7 - (-1 + 3))?
-6
Evaluate -5 + (0 - -2) + 0 + 2.
-1
What is the value of 5 - (1 - -1 - (-2 - -4))?
5
Calculate 3 - -3 - (7 - 2).
1
Calculate -3 - (-2 + 0 - -4).
-5
What is -6 - (-1 - (-6 + 10))?
-1
What is the value of (-2 - -10) + -1 + -4?
3
Calculate -5 + (3 - 4) + (-60 - -59).
-7
Calculate -6 - -1 - (28 - 28).
-5
What is the value of 3 + -3 + 0 + -7 + 3?
-4
-4 - 3 - -13 - 